f c and 50?
10
Let b(c) = 6*c**3 + c**2 - c - 1. Let k be b(1). Let y = 12528 - 12453. Calculate the greatest common factor of k and y.
5
Let o = 36 - 18. Let x be 84885/135 - (-4)/o. Let i = -431 + x. Calculate the greatest common factor of i and 18.
18
Suppose 4*v = 18*v - 1470. Let w be 4/(-7 + 3)*-21. Calculate the greatest common divisor of w and v.
21
Let y = 10 - 4. Let v = -375 - -430. Suppose -4*i + 32 = 5*x - v, -3*i = 3*x - 54. Calculate the greatest common divisor of x and y.
3
Let t(q) = -q**2 + 168. Let m be t(0). Suppose -3*k + 14*j - 12*j + 77 = 0, j - 56 = -3*k. Calculate the highest common divisor of k and m.
21
Suppose -35*u + 62*u - 2662 = -94*u. What is the highest common factor of u and 297?
11
Suppose -11*o - 840 = -12*o. Suppose 0 = 5*u + 2*q - 202, u - q + 43 = 89. Calculate the highest common factor of u and o.
42
Let c = -147 + 149. Suppose -c*m - 2*m - 20 = 0, 5*m + 45 = 2*y. What is the highest common factor of 80 and y?
10
Suppose 4*q + m = -69, -2*q + 12 = -4*m + 60. Let n be (-1536)/(-2)*(-9)/q. What is the highest common divisor of 16 and n?
16
Let o = -287 - -299. Suppose -30 = -o*z + 7*z. Suppose p + 4*a = -0*p + 2, 3*p = -4*a + 38. What is the highest common factor of p and z?
6
Suppose -3*v + 5*o - 9 = -0, 0 = -2*v + 2*o - 2. Let a be 25/35 - v/(-7). Let c be ((a - -4) + -4)*17. What is the highest common divisor of c and 34?
17
Suppose -3*i + 0*j + 433 = j, -284 = -2*i + 4*j. Let o be (-240)/100*140/(-21). What is the greatest common factor of i and o?
16
Let a = 350 + -308. Suppose 4*d - a = 1182. What is the highest common divisor of d and 18?
18
Suppose 468 = b + 4*q - 328, q + 5 = 0. What is the greatest common divisor of b and 8?
8
Suppose -2*u - 6 = 0, -27*u + 14*u - 273 = -3*j - 9*u. Let t be ((-174)/18)/((-1)/12). Calculate the greatest common factor of t and j.
29
Let f(n) be the first derivative of -n**4/4 + 5*n**3/3 + 5*n**2 - 19*n + 119. Let g be f(6). Calculate the highest common factor of 295 and g.
5
Let b = 617 + -401. Let q(s) = -6*s**2 - 147*s + 147. Let a be q(-25). Calculate the highest common factor of b and a.
72
Let g be 3*9*(0 + -3 + 4). Let t(u) = 2*u + 8. Let r be t(0). Suppose -3*n + r*n = 180. Calculate the greatest common factor of g and n.
9
Let d = 43 - -23. Suppose 4*u - 54 = 2*u - 4*l, 2*u - d = -l. Suppose -j + 0*t = -5*t - 25, -j + u = 5*t. Calculate the highest common divisor of j and 40.
10
Let k be ((-34)/(-3) - -1)*(55 + -39)*15. What is the highest common divisor of 48 and k?
16
Let b(l) be the first derivative of 51*l**2/2 - 3*l - 55. Let v be b(1). Suppose 10 = 2*r - 2. Calculate the greatest common factor of v and r.
6
Suppose 0 = -12*k - 77*k - 1239352 + 4689971. Calculate the greatest common divisor of 283 and k.
283
Let y = -146 - -268. Let l = -239 + 300. What is the highest common factor of y and l?
61
Let d(s) = 45*s**3 + 7*s**2 - 12*s + 6. Let u be d(1). What is the highest common factor of u and 46?
46
Let n(t) = -t**2 + 5*t + 8. Suppose -l - 15 = -3*g + 2*l, -5*l = 5. Suppose 8 = -g*y + 6*y. Let b be n(y). Calculate the greatest common factor of 132 and b.
12
Let r be 0 - (-19)/(19/(-6)). Let y be r - (-5)/(5/9). What is the highest common divisor of y and 39?
3
Let d(x) = -x**3 - 19*x**2 - 20*x + 20. Let l = -2 + -16. Let n be d(l). What is the highest common divisor of n and 8?
8
Let i(w) = 386*w**2 - 2. Let g be i(-1). Let y = g + -348. What is the highest common divisor of 36 and y?
36
Let b(d) = 13*d**2 + d - 4. Let v = 12 - 8. Let r be b(v). Let m = 499 + -473. What is the highest common factor of r and m?
26
Let x = -869 + 891. What is the highest common factor of 2629 and x?
11
Let c = 19 + -10. Let l be (c/(-4))/((-3)/40). Suppose -488 = -126*z - 65*z + 2377. Calculate the highest common factor of l and z.
15
Let x = 3757 - 3172. Calculate the greatest common divisor of 273 and x.
39
Let t be (3/(-4))/((-298)/4164848). What is the greatest common factor of t and 3?
3
Suppose n = 5, 3*k + 13*n - 8*n - 2620 = 0. Calculate the highest common factor of k and 10.
5
Let v(x) = 25*x + 195. Let n = 251 - 258. Let u be v(n). Calculate the greatest common factor of u and 36.
4
Let g = 5811 + -5809. Calculate the highest common divisor of g and 514.
2
Let h = -3393 - -3585. Calculate the greatest common divisor of h and 312.
24
Suppose 152 = -r + 5*f, -2*f - f = r + 176. Suppose -1675 = 35*y - 40*y. Let k = y + r. What is the highest common factor of k and 21?
21
Suppose 0 = 10*l - 4*l + 192. Let c be (-64 + -3 - 2)/(6/l). What is the highest common factor of 46 and c?
46
Let h(r) = 5*r + 49. Let z be h(-9). Let i be (-196)/49*(-161)/z. Let a = 39 - 16. Calculate the greatest common divisor of a and i.
23
Let c be 5/((-95)/2) - 23940/(-1083). Calculate the highest common divisor of c and 88.
22
Suppose -b + 7 = 2*k - 0, 0 = 4*b + 20. Suppose -3*n - 77*w = -75*w - 764, 5*n - 1275 = -3*w. What is the greatest common factor of n and k?
6
Let f = 4881 - 1197. Calculate the highest common divisor of f and 48.
12
Suppose a + 844 = 3*a - 3*d, 1652 = 4*a + 3*d. Let c = 941 - a. What is the greatest common divisor of 21 and c?
21
Suppose -11*r + 12 = -32. Suppose 0 = -r*b - 23*t + 27*t + 660, 0 = 3*b + t - 515. What is the greatest common factor of b and 50?
10
Let f(v) = v**3 + 8*v**2 + 4*v - 4. Suppose j - 2*p = -3*j - 8, 3*j = 5*p + 8. Let y be f(j). What is the greatest common divisor of 11 and y?
11
Suppose f - 6 = 4*w - 67, -2*w + 33 = -3*f. Let v be w + (6 + 0)/1. What is the highest common divisor of 91 and v?
7
Suppose 1164*j = 1158*j + 120. Suppose 0 = 2*h - 4, 0*q = -4*q - 5*h + 2010. What is the highest common divisor of q and j?
20
Let i = 620 + -360. Let d be (13/(i/(-88)))/((-1)/5). Calculate the greatest common divisor of 143 and d.
11
Let k be (-2)/(5 + 24/(-4)). Suppose 0 = -5*a + k*m - 136 + 392, 3*a + 3*m - 162 = 0. What is the highest common factor of 13 and a?
13
Let v be (0 - 10) + 7 - -9. Suppose 0 = -v*o + 36 + 168. Let w be (-9)/6 + 1230/4. Calculate the highest common divisor of o and w.
34
Let s(l) = l**3 + 14*l**2 - 3*l - 37. Let y be s(-14). Suppose -y*k = -1798 - 1307. Calculate the greatest common factor of k and 27.
27
Suppose 0 = -402*z + 365*z + 9139. Calculate the highest common factor of 169 and z.
13
Let r = 578 - 218. Suppose -l + r = 4*l. Suppose 4*q = q + l. Calculate the highest common factor of 36 and q.
12
Let u = 184 + -123. Suppose -o - 3*o - u = -3*k, 0 = 3*k - 5*o - 65. Suppose -2*l = -k + 3. Calculate the highest common factor of 30 and l.
6
Let u be (2/(-4) - (7482/(-12) + 5)) + -3. What is the greatest common factor of 25 and u?
5
Let h = 11282 + -11249. Calculate the greatest common factor of 507 and h.
3
Let w be ((-1)/1 + 0)*(0 + 3). Let a be w - (-3)/((-3)/(-7)). Suppose a*g = -6*g + 30. What is the greatest common divisor of g and 2?
1
Let o(m) = 4*m**3 + 14*m**2 + 23*m + 2. Let q be o(-5). Let h = q + 291. Suppose 0 = 3*v - 1242 + 318. What is the greatest common factor of v and h?
28
Let v be (-32769)/(-693) - 2/7. What is the highest common factor of 12079 and v?
47
Let w(f) = 103*f + 832. Let j be w(-8). What is the greatest common divisor of 31752 and j?
8
Suppose 84*n - 2040 = 13*n - 31*n. What is the highest common factor of n and 124?
4
Let b = -2792 + 7683. What is the highest common factor of b and 134?
67
Let d be (-1*6)/(((-108)/(-252))/((-800)/28)). What is the highest common factor of 280 and d?
40
Let t = 10797 - 10780. Calculate the highest common divisor of t and 19091.
17
Let x = 2108 - 2073. Let d be 28 + 1 - (-1)/(-1). Let j = -7 + d. What is the highest common factor of x and j?
7
Let g be 4 - 992/20 - 3/(-5). Let m = g - -64. Let c be ((-2)/(-6))/((-3)/(-171)). Calculate the greatest common factor of c and m.
19
Let m be 66/24 + (-1)/(-4)*1. Let w(y) = 2*y**2 + 10*y + 0*y + y**m - 12*y + 192. Let t be w(0). Calculate the greatest common factor of t and 12.
12
Let x be 6*((-8)/(-2) + (-242)/66). Suppose 0 = 5*u - 5, 2*d + x*u - 83 = -3*u. Let j be 1 - 24/(2*-1). Calculate the greatest common factor of d and j.
13
Let n be (-10 + (-92)/(-12) + 2)/((-1)/432). Calculate the greatest common divisor of n and 1936.
16
Let b = 3069 + -3062. What is the greatest common factor of 77 and b?
7
Le